{"id":166,"date":"2009-07-10T08:16:41","date_gmt":"2009-07-10T08:16:41","guid":{"rendered":"http:\/\/steinvill.no\/?page_id=166"},"modified":"2019-05-05T20:20:08","modified_gmt":"2019-05-05T18:20:08","slug":"17mai-feiring-finse","status":"publish","type":"page","link":"http:\/\/steinvill.no\/?page_id=166","title":{"rendered":"Teambuilding"},"content":{"rendered":"<h2>Kajakk<\/h2>\n<h3>Kurs<\/h3>\n<p>For de med ingen eller lite erfaring. Vi g\u00e5r gjennom padleteknikk, sikkerhet, knuter og vedlikehold av utstyr med mer. Har ogs\u00e5 eget eskimorullekurs<\/p>\n<h3>Tur<\/h3>\n<p>Hva med \u00e5 oppleve vannet p\u00e5 n\u00e6rt hold; Gjennom trange kanaler, s\u00f8rlandsk skj\u00e6rg\u00e5rd og innlanddsvann? Med fiske og jakt p\u00e5 sj\u00f8fugl fra kajakk, b\u00e5lkos med god mat og mer?<\/p>\n<h4>Betingelser<\/h4>\n<p>Leietaker padler p\u00e5 eget ansvar, og plikter \u00e5 f\u00f8lge de foreskrevende sikkerhetsregler.<\/p>\n<p>Utlevering\/innlevering avtales ved utleie.<\/p>\n<h2>Klatring<\/h2>\n<p>Er du nybegynner eller erfaren fjellklatrer tilbyr vi ulike kurs innen forskjellige emner. Insturkt\u00f8ren er godkjent fra Norges Klatreforbund. Kursinnhold og varihet tilpasses den enkeltes\/gruppas \u00f8nsker og behov.<br \/>\nEksempler p\u00e5 kurs emner:<\/p>\n<ul>\n<li>Nybegynnerkurs<\/li>\n<li>Brattkort godkjenning<\/li>\n<li>Kilesettingkurs<\/li>\n<li>Klatreteknikk &amp; treningstips<\/li>\n<li>Kurs for viderekommende<\/li>\n<li>Teknisk klatring<\/li>\n<\/ul>\n<h2>Friluftslivaktiviteter<\/h2>\n<ul>\n<li>Fottur<\/li>\n<li>Taubane<\/li>\n<li>Bruskasseklatring<\/li>\n<li>Taugang<\/li>\n<li>Pendelhopp<\/li>\n<li>Utdrikkningslag<\/li>\n<li>Teambuilding<\/li>\n<li>Klatring<\/li>\n<li>Primitiv matlaging<\/li>\n<li>Slakk line<\/li>\n<\/ul>\n<h4>Priser<\/h4>\n<p>Avtales etter antall deltakere eller aktivitetens form og varighet (formiddag \/ ettermiddag \/ dag \/weekend\/overnatting evt ute). Kan ogs\u00e5 kombinere alle aktivitetene.<\/p>\n<p>V\u00e5re aktiviteter og kurs er tilrettelagt for alle! Du beh\u00f8ver ikke st\u00e5 p\u00e5 bar bakke for \u00e5 delta.<br \/>\n\u00c5 f\u00e5 en repetisjon av gamle kunnskaper kan v\u00e6re en ny start hvis du har lagt forlenge i sofaen.<br \/>\nAlle kursene kan holdes for grupper, enkelte og vi tilpasser dine\/deres \u00f8nsker og ferdighetsniv\u00e5 s\u00e5 god vi kan.<br \/>\nTa gjerne kontakt for mer informasjon eller sp\u00f8rsm\u00e5l.<\/p>\n<p>Sn\u00f8skred, f\u00f8rstehjelp, knuter, p\u00e5 tur med hele familien, kart og kompass, primitiv matlaging er ogs\u00e5 andre aktiviteter\/kurs som kan gjennomf\u00f8res.<\/p>\n","protected":false},"excerpt":{"rendered":"<p>Kajakk Kurs For de med ingen eller lite erfaring. Vi g\u00e5r gjennom padleteknikk, sikkerhet, knuter og vedlikehold av utstyr med mer. Har ogs\u00e5 eget eskimorullekurs Tur Hva med \u00e5 oppleve &#8230;<\/p>\n","protected":false},"author":2,"featured_media":0,"parent":0,"menu_order":5,"comment_status":"closed","ping_status":"open","template":"template-left-sidebar.php","meta":{"footnotes":""},"class_list":["post-166","page","type-page","status-publish","hentry"],"_links":{"self":[{"href":"http:\/\/steinvill.no\/index.php?rest_route=\/wp\/v2\/pages\/166","targetHints":{"allow":["GET"]}}],"collection":[{"href":"http:\/\/steinvill.no\/index.php?rest_route=\/wp\/v2\/pages"}],"about":[{"href":"http:\/\/steinvill.no\/index.php?rest_route=\/wp\/v2\/types\/page"}],"author":[{"embeddable":true,"href":"http:\/\/steinvill.no\/index.php?rest_route=\/wp\/v2\/users\/2"}],"replies":[{"embeddable":true,"href":"http:\/\/steinvill.no\/index.php?rest_route=%2Fwp%2Fv2%2Fcomments&post=166"}],"version-history":[{"count":13,"href":"http:\/\/steinvill.no\/index.php?rest_route=\/wp\/v2\/pages\/166\/revisions"}],"predecessor-version":[{"id":2427,"href":"http:\/\/steinvill.no\/index.php?rest_route=\/wp\/v2\/pages\/166\/revisions\/2427"}],"wp:attachment":[{"href":"http:\/\/steinvill.no\/index.php?rest_route=%2Fwp%2Fv2%2Fmedia&parent=166"}],"curies":[{"name":"wp","href":"https:\/\/api.w.org\/{rel}","templated":true}]}}